 is the greatest common divisor of 21 and k?
21
Suppose 4*b - 542 = -3*z, 5*b + 915 = -3*z + 8*z. Suppose 73 = 5*q + 94*d - 95*d, 5*d = -2*q + 13. Calculate the highest common factor of z and q.
14
Let u(w) = -w - 3. Let i be u(-4). Suppose -52*o + 6*o = -398*o + 439 + 265. What is the greatest common divisor of o and i?
1
Let g = 3 - -84. Let s = g + -85. Suppose -s*z - 73 = -395. What is the greatest common divisor of 23 and z?
23
Let p = 2567 - 2467. What is the highest common divisor of p and 940?
20
Suppose -272*d + 8075 = -255*d. Calculate the greatest common factor of 76 and d.
19
Let p(w) = -84*w**3 - 5*w**2 - 12*w - 54. Let r be p(-4). What is the greatest common factor of r and 30?
10
Suppose -211*f - 5*z - 35 = -216*f, 29 = 2*f + z. Calculate the highest common factor of 1668 and f.
12
Suppose 5*h + 80 = 4*i, i + 5*h - 127 = -107. What is the greatest common factor of 400 and i?
20
Let h(s) = -s**2 - 192*s - 4357. Let v be h(-29). Calculate the greatest common factor of 910 and v.
10
Suppose 3*q - 589 = 4*m, -m = -4*q + 469 + 325. Suppose -17*p = -624 + q. Let s be (0 + 1)*(5 + 0). Calculate the greatest common factor of s and p.
5
Let c(y) = -50*y**3 + 2*y**2 - 4*y - 8. Let v be c(-1). What is the highest common divisor of v and 78?
6
Let m be ((-6)/(-2))/(-2 - 788/(-400)). Let w be (-288)/(6 - m/(-15)). What is the greatest common divisor of w and 48?
48
Let v be (-7*3 + 3)*(-184)/(-16). Let s = 495 + v. What is the highest common factor of 64 and s?
32
Let g be (-465)/(-25) - 1 - 50/(-125). What is the highest common divisor of 5 and g?
1
Let i = -53 - -58. Let l(j) = j**2 + 3*j + 15. Let w be l(i). What is the highest common divisor of w and 33?
11
Let d(i) = -23*i**3 - 12*i**2 - 3*i + 1. Let n be d(3). Let a = -730 - n. Calculate the highest common factor of 16 and a.
1
Suppose 59*y - 61*y = 16, 1792 = 3*i - 2*y. What is the greatest common divisor of 14 and i?
2
Let o(g) = -g + 617. Let p be o(34). Calculate the highest common factor of 11 and p.
11
Let h = -424 + 584. Suppose 91*u + 600 = 97*u. What is the greatest common factor of u and h?
20
Let j(c) = c**3 + 21*c**2 + 74*c + 1003. Let a be j(-19). What is the highest common divisor of 143 and a?
11
Suppose 2*z + 8*a = 4184, 0 = -3*z - a + 3269 + 3051. What is the highest common divisor of 340 and z?
68
Let p be (43 - 1) + -2 + 0. Let b be 10/(p/(-12))*-1. Let n = -30 + 54. Calculate the highest common factor of b and n.
3
Suppose 4*f = 5*u - 5495, -190*u + 192*u - 3*f - 2198 = 0. Calculate the greatest common factor of 35 and u.
7
Suppose 3*w + 2*s = 31, 2*w - 4*s + 22 - 32 = 0. Suppose -g - 19 = -v + g, v - 4*g = w. Calculate the greatest common factor of 29 and v.
29
Let c = -233 + 759. Suppose -4*h + c = 2*j, -j - 14*h = -18*h - 251. Calculate the highest common divisor of 7 and j.
7
Let l = 37755 - 36669. Calculate the greatest common divisor of l and 6.
6
Let v(b) = 5*b**2 - 2. Let h be v(4). Let x be 38*(-4)/(-32) + 1/4. Let i be (-416)/(-24)*(-2 + x). Calculate the greatest common factor of h and i.
26
Let y be (56/6)/(64/2784). Calculate the greatest common divisor of 21 and y.
7
Let i be (24/(-12))/(1/(-11)). Suppose 0 = -2*v - 2*p + i, -p - 19 = -3*v + 2*v. Let t be 1 - (122 - 4)/(-2). Calculate the highest common factor of v and t.
15
Let b be (52 + 5080/(-90))/((-4)/54). Let j = 35 - -13. Calculate the greatest common divisor of j and b.
12
Let l(r) = -13*r + 72. Let o be l(6). Let f(b) = 5*b**2 + 13*b + 3. Let z be f(o). What is the greatest common factor of 3 and z?
3
Let o be ((-2)/(-3)*-281)/((-6)/9). Suppose 5*t + 6 = o. Suppose 2*h - 24 = -z, -85 = -0*z - 4*z + 3*h. What is the highest common factor of z and t?
11
Suppose -2*t + 794 + 1912 = 0. What is the greatest common factor of 11 and t?
11
Let a(c) = 14*c**2 - 6*c**2 + 20 - 18*c - c - c**3 + 6*c**2. Let r be a(12). What is the highest common divisor of r and 112?
16
Suppose 4*u - 292 = v + 128, 3*v - 542 = -5*u. Calculate the highest common factor of u and 64.
2
Suppose j = 47 + 124. Let o = j - -46. Calculate the greatest common factor of 62 and o.
31
Let g(t) = 42*t - 38. Let f be (3 - 54/4)/(3/(-4)). Let u be g(f). Calculate the greatest common divisor of 25 and u.
25
Let w(f) = -f**3 + 12*f - 6. Let k be w(2). What is the greatest common divisor of 5690 and k?
10
Suppose -10 + 28 = 3*i. Suppose -17*r - 9269 = -9371. Calculate the highest common divisor of i and r.
6
Let s(w) = -6*w**2 - 10. Let b be s(-3). Suppose g = -3*q + 109, -2*g = -8*q + 3*q - 229. Let t = b + g. What is the greatest common divisor of 12 and t?
12
Let u be -54*((-4)/(-10))/((-3)/5). Suppose 22 = -6*t + 94. Suppose 0 = 2*k - 2*m - t - 2, 3*k + 5*m - 37 = 0. Calculate the greatest common divisor of k and u.
9
Suppose -87*q = -96*q + 1575. Let j = q - -49. What is the highest common divisor of j and 7?
7
Let p(h) = 2*h**3 + 12*h**2 + 4*h - 7. Let w be p(-5). Suppose -18*u + 210 = -w*u. Let d be (-48)/u - (-3)/(-21). What is the greatest common factor of 1 and d?
1
Let u = 9198 + -7930. Calculate the greatest common factor of 8 and u.
4
Suppose -5*h + 5 = 5*r - 5, 5*h + r = 10. Let i be (36/45)/(h/110). Suppose -2*g = -2 - 6. What is the highest common divisor of i and g?
4
Let o(x) = 3*x. Let b be o(6). Let d = -78 + b. Let a = d - -88. Calculate the greatest common divisor of a and 7.
7
Let a = -670 - -2270. What is the highest common factor of a and 144?
16
Let i = 7484 - 7459. What is the greatest common factor of i and 7675?
25
Let p(i) = 12*i + 63. Let d be p(-4). Suppose -25*s + d*s = -380. Calculate the highest common divisor of s and 38.
38
Suppose -z = 4*i + 54, 2 = z - 0. Let x = -4 - i. Let f(m) = m**2 - 5*m - 14. Let s be f(x). Calculate the greatest common factor of 288 and s.
36
Suppose 4*v = 5*i + 6*v - 57, -5*i + 4*v = -81. Let l be ((-1)/(-2))/((i/(-132))/(-13)). What is the greatest common divisor of 88 and l?
22
Suppose -112*b + 118*b - 102 = -4*w, 2*w - 42 = -2*b. Let y = 4 + -4. Let t = 30 - y. What is the greatest common factor of t and w?
6
Suppose 36 = -4*m - 2*l + 5*l, 3*m - l + 27 = 0. Let a be ((-4)/m)/((-10)/(-45)). Suppose -3*v + a*v = -12. What is the highest common factor of 96 and v?
12
Let o be 24/(-16)*4/(-1). Let t be -1 - ((-1)/3 - 16/o). Let p be ((-12)/t)/((-12)/16). Calculate the highest common divisor of 28 and p.
4
Let y(b) = -3*b + 3. Let a be y(-5). Let i = -1572 - -262. Let n = 1454 + i. What is the highest common divisor of n and a?
18
Suppose 0 = -22*y + 77 + 77. Suppose y*d - 910 = -6*d. What is the greatest common factor of d and 20?
10
Let m(r) = -15*r + 207. Let z be m(27). Let g be -5*(z/30 + 3). Calculate the highest common factor of g and 468.
18
Let f = -11 - -28. Let j be (-2)/(-8) - (12 - (-1495)/(-52)). Calculate the highest common factor of j and f.
17
Suppose 0 = -r - 3*r + 60. Let k(o) = -o**2 + 6*o - 65. Let p be k(17). Let x = p - -257. Calculate the highest common factor of r and x.
5
Let o be (8/(-6))/((-2)/3). Let x(p) = -p - 40*p**o - 5*p + 44*p**2. Let v be x(4). What is the greatest common factor of v and 10?
10
Let i(x) = -x**3 - 58*x**2 - 217*x + 9. Let r be i(-54). Let k = 13 - 4. Calculate the greatest common divisor of r and k.
9
Let m be 2754/(-357)*(-100 + 1 - -1). What is the highest common divisor of 3132 and m?
108
Let j(o) = -4*o**3 + 152*o**2 - 119*o + 17. Let s be j(37). Calculate the highest common factor of s and 6322.
218
Suppose 4*k - 3*l = 3*k - 4, 0 = -2*l + 6. Let o(j) = -27*j - k + 6 + j**2 + 15 - 4. Let n be o(27). What is the highest common divisor of 12 and n?
12
Let c(l) be the second derivative of -l**3/6 + 7*l**2 - 2*l + 36. Let q be c(0). What is the greatest common divisor of q and 49?
7
Let a be 56/(4*4/144). Suppose 324 = -28*j + 37*j. What is the greatest common divisor of j and a?
36
Let a(n) = 93*n + 1831. Let d be a(-12). Calculate the greatest common factor of 104 and d.
13
Let n be (26/10)/1 + (-22)/(-55). Let v be (-17 - 5)*(n - -1). Let o = v - -98. What is the greatest common factor of o and 10?
10
Suppose -4*i + 20 = 0, -3*d + d - 5*i = -97. Let t(r) = -15*r - 69. Let p be t(-13). Calculate the highest common factor of p and d.
18
Let z be ((-16)/104)/((-14)/364). Suppose 3 = -5*r + 13. Suppose x - 175 = -c + r*x, 